e 17 - ((-18)/14 + (-6)/(-21)). Suppose -10*l = -l - b. Let p(a) be the first derivative of -3*a**2/2 - 1. Calculate p(l).
-6
Let r(d) = -2*d**2 - 5*d + 6. Suppose -2*f = 0, -2*l - 14 = 4*f - 4. Give r(l).
-19
Suppose 3*p - m - 11 = 0, -4*m + 0*m + 4 = 0. Let a(u) = 15*u**2 - p*u**3 - 1 + 5*u**3 - 17*u**2 - 3*u. Calculate a(3).
-1
Let o(s) = -35 - 2*s**3 + 4*s + 8 + 15 + 14. What is o(2)?
-6
Let o(d) be the first derivative of d**3/3 + 3*d**2 - 5*d - 321. What is o(-7)?
2
Let l(a) = 1. Suppose -5*h - 17 = 3*c, -5*c - h = -c. Suppose -3*g - c = 2. Let b(v) = v - 13. Let x(y) = g*b(y) - 6*l(y). What is x(5)?
2
Let m(c) = c**3 - c + 1. Let r(n) = -5*n**3 + 3*n**2 + 7*n + 4. Let f(y) = 4*m(y) + r(y). Give f(4).
4
Let c(p) = -9*p**2 + p**3 + 16*p**2 + 5*p - 15*p**2 + 12*p**2 + 3. What is c(-3)?
-3
Let a(u) = u**2 - u. Let q(b) be the third derivative of b**5/30 - 11*b**4/24 - b**3/3 - 16*b**2. Let f(y) = 3*a(y) - q(y). Calculate f(-4).
-14
Let k(j) = 9*j**2 - j - 49. Let t(c) = -3*c**2 + 17. Let g(d) = -6*k(d) - 17*t(d). Give g(5).
-40
Let s = 11 + -7. Let p(d) be the third derivative of 0*d - d**2 + 2/3*d**3 + 0 + 1/60*d**5 - 1/3*d**s. Calculate p(4).
-12
Let l(t) = 33*t**3 - 5*t**3 - 3 + 1 + t - 29*t**3 - 4*t**2. Let b be (-2)/(-7) - 90/21. Calculate l(b).
-6
Let t = 2 - 6. Let u(k) = -3 - 17*k**2 - 6*k + 2*k - 16*k**2 + 32*k**2. Give u(t).
-3
Suppose -2*i - 12 = -5*c + 3*c, -4*i - 30 = -c. Let u(s) = s**3 + 7*s**2 - 8*s - 9. Give u(i).
-9
Let y = -74 - -158. Let x = y - 90. Let i(t) = t**2 + 4*t. What is i(x)?
12
Let s(n) be the first derivative of n**3/3 - 9*n**2/2 - 9*n + 2. Let y(p) = 2*p**3 + 10*p**2 + p - 18. Let z be y(-4). Calculate s(z).
1
Let t(f) be the first derivative of -f**4/4 - 4*f**3 - 11*f**2/2 - 12*f - 363. Determine t(-11).
-12
Let o(x) = -3*x**2 - 23*x + 15. Let i(k) = 2*k**2 + 12*k - 8. Let z(t) = 5*i(t) + 3*o(t). Let s(d) = 3*d**2 + 2*d + 1. Let b be s(-2). Determine z(b).
5
Suppose -6*l = -164 + 62. Suppose -5*r = -2*s + 17, 4*r + s - 6*s = -l. Let p(t) be the third derivative of t**6/120 + t**5/15 - t**3/2 + t**2. Calculate p(r).
6
Let r(g) be the second derivative of 1/4*g**4 - 1/20*g**5 - 1/3*g**3 - g**2 + 0 - 7*g. What is r(2)?
-2
Let z = 109 - 107. Let h(t) be the second derivative of -t - 5/2*t**z - 1/12*t**4 + 0 - 7/6*t**3. Determine h(-5).
5
Let b(v) be the third derivative of v**6/120 + v**5/60 - v**4/12 + v**3/2 + 91*v**2. What is b(2)?
11
Let b(a) = 5*a - 6. Suppose -3*l - i - 2 = 0, -3*l - 4*i = i + 22. Let d(n) = 4*n**2 + 4*n - 4. Let c be d(l). Give b(c).
14
Let q(j) = -j + 0*j**2 - 3*j**2 - 535 + 528 + j**3. Give q(3).
-10
Let l(n) = n**3 + 6*n**2 + 4*n + 2. Let r(m) = m**2 + 19*m - 17. Let p be r(-20). Let x(u) = u**3 - 2*u**2 - 3*u - 5. Let c be x(p). What is l(c)?
7
Let p = -1121 - -1131. Let r(c) = c**2 - 12*c + 2. Give r(p).
-18
Let z(v) = 4*v**3 - 6*v**2 - v + 4. Let u = -27 + 24. Let r(g) = 5*g**3 - 6*g**2 - 2*g + 3. Let m(b) = u*r(b) + 4*z(b). Calculate m(5).
-8
Let o(l) = 5*l**2 + 4*l - 3. Let u(z) = z**3 - z + 1. Let c(m) = o(m) + u(m). Let s = 3 + -7. What is c(s)?
2
Let q(r) = -r**3 + 3*r**2 + 3*r - 3. Let d = 63 - 59. Determine q(d).
-7
Let q(l) = -34*l + 4. Let f(d) = -29*d + 3. Let z(r) = 7*f(r) - 6*q(r). What is z(9)?
6
Let z(f) = 17*f - 2*f - 1 - 13*f. Suppose -2*r + 6*r - 2*o = 6, 0 = 2*r - 2*o. Suppose 0 = r*v - 3 + 18. What is z(v)?
-11
Suppose 0 = f - 8 - 0. Let h(u) = u**2 + f + 10*u - 1 - 2*u. Let x = 10 - 15. Calculate h(x).
-8
Let z(b) be the third derivative of b**5/20 + 41*b**4/24 + 4*b**3 + 19*b**2 - 9*b. What is z(-13)?
-2
Let d(a) = 65 + 50 + 51 - 184 + 4*a. Determine d(9).
18
Let a(s) be the second derivative of -s**5/20 - 7*s**4/12 - 2*s**3/3 + s**2/2 - 26*s. Determine a(-6).
-11
Let p(a) = -5*a + 8. Let l(t) = -t + 1. Let y(s) = 6*l(s) - p(s). Suppose 3*i - 40 = -5*n - 57, 5*i = 4*n - 53. Calculate y(i).
7
Let b(x) = -x**3 + 11*x**2 - 9*x - 3. Let c be b(10). Let p = 3 - c. Let i(t) = 165 + 167 - 504 - t + 169. Calculate i(p).
1
Let r(f) = 15 + 11 - 12 + 8*f - 3*f - 19. Give r(2).
5
Let w(s) be the first derivative of -6*s + 35 + 1/4*s**4 - 7/3*s**3 + s**2. Determine w(7).
8
Let o(t) = -6*t + 8 - 11 + 13*t - 3*t. Let h = 3 + 1. Let j(r) = -r**3 + 4*r**2 + 2*r - 4. Let n be j(h). Calculate o(n).
13
Let h(f) = f**2 - 11*f + 9. Suppose -24 = -6*r + 24. Give h(r).
-15
Let h be (8/9)/((-12)/(-54)). Let s(a) = a**2 - 2*a - 4. What is s(h)?
4
Let x(z) = -z**3 + 4*z**2 + 3*z + 3. Let u = 4 + 5. Suppose -u*r - 45 = -18*r. Give x(r).
-7
Let j = -179 + 186. Let d(f) = f**2 - 7*f. Calculate d(j).
0
Let i(w) = 2*w - 6. Suppose 0 = 80*m - 141 - 339. Determine i(m).
6
Let o(z) = z**3 - 3*z**2 - 2*z - 2. Let u(s) = -8 - s + 16 + s**2 + 10*s. Let y be u(-9). Suppose y = -3*x + 5*x. Give o(x).
6
Suppose -57*y + 25 = 82. Let a(i) = -2*i + 5*i - 6*i. Calculate a(y).
3
Let c(t) be the first derivative of -5*t**2 - t + 24. Give c(-2).
19
Let b(t) = -4*t - 8 + 0*t + 6*t. Let r be 28*(1 + (-22)/(-8) + -2). Suppose 2*l - 8 - 6 = -4*m, 4*m - 5*l - r = 0. Determine b(m).
4
Suppose 5*a = -5*o - 20, 4*a - 3*o + 12 = -a. Let q be (2 + (-5 - a))*-1. Let t(y) = y**2 - 5. What is t(q)?
-5
Let i(b) be the second derivative of -b**4/12 + b**3/3 + b**2 - 64*b. What is i(3)?
-1
Let n be 5 + (-28)/(-8) + (-2)/4. Suppose 2*b = -2*d + n, 6*d - 9 = 4*d - b. Let c(t) = 3*t + 6. Calculate c(d).
21
Let i be 10 - 6 - (16 + 0). Let u be 3/(-2)*i/9. Let m(c) = 0*c**u + 9*c**2 + 5 - c**3 - 4*c - 3*c**2. Determine m(5).
10
Let z(u) = 1. Let v(r) = r + 2. Let o(f) = v(f) + 2*z(f). Let x(m) = m - 17. Let s be x(17). Suppose s = -0*a + 5*a - 5, -4*a + 8 = -b. What is o(b)?
0
Let y(v) be the third derivative of 4*v**5/15 + v**4/24 - v**3/6 - 11*v**2. Suppose 0 = -10*z + 43*z - 33. What is y(z)?
16
Let v(c) = c**3 + 7*c**2 - 13*c + 10. Suppose -55*b + 9 = -56*b. Calculate v(b).
-35
Let j = 175 + -179. Let x be (12/j)/(-3) - -3. Let t(r) = -r**3 + 5*r**2 - r - 5. Determine t(x).
7
Let y(h) = -h**3 + 4*h**2 + 2. Let j(a) = -a**2 - 6*a - 1. Let l = -4 + 8. Let b be 2/(-6)*(l + 11). Let o be j(b). What is y(o)?
2
Let v be (-1)/(-3 + (-114)/(-39)). Let l = v + -8. Let x(q) = 2*q - 1 - l*q + 0*q + q**2. Calculate x(4).
3
Let v be -19 - (-1 + (-8)/4). Let g(k) = k**2 + 17*k + 11. Let m be g(v). Let l(h) = -h - 3. Calculate l(m).
2
Let g(k) be the second derivative of -k**3/6 + k**2 - 64*k. Determine g(6).
-4
Let i(n) be the second derivative of -n**4/12 - n**3/3 + n**2/2 - 20*n. Suppose -45 = 3*r + 2*r. Let o = 5 + r. Determine i(o).
-7
Let g be (-8)/(-10) - (-4 - (-176)/(-5)). Suppose -18*c + g = -22*c. Let t(w) = -w - 2. Calculate t(c).
8
Let u be 85/(-15) + 3/(-9). Let h(f) = 2*f**2 + 9*f - 7. Calculate h(u).
11
Let p(m) = m + 2*m + 5 - 3. Let x = -67 + -62. Let t be x/45 + 4/(-30). What is p(t)?
-7
Let g(o) = -7*o**3 - 2*o**2 - 7*o - 11. Let k(b) = 13*b**3 + 2*b**2 + 14*b + 22. Let l(p) = -11*g(p) - 6*k(p). Calculate l(9).
7
Let w = 61 - 53. Let s(o) = -22*o - 2 + 4 + 15*o + w*o + o**2. Suppose -3*u + 3*l - 2 = 2*l, -5*u - 18 = 2*l. Calculate s(u).
4
Let c(v) = -9*v - 1. Let l = -149 + 147. Calculate c(l).
17
Let x(a) = 1 - 4*a + 0 - 3 - 4. Suppose -4*f = 7*f + 44. What is x(f)?
10
Let p(w) = 3*w - 1. Let m(h) = -12*h + 5. Let n(f) = -2*m(f) - 9*p(f). Give n(-1).
2
Let p(t) = 58*t - 7. Let q(v) = 29*v - 3. Let g(n) = 2*p(n) - 5*q(n). Determine g(1).
-28
Let s(h) = -h**3 + 5*h**2 - 1. Let q(z) = -z**3 - 5*z**2 + 3*z - 6. Suppose 3*x - 7 = 3*k + 2, 2*k - 5*x = 3. Let f be q(k). Let w = f + -7. Give s(w).
-1
Suppose 79*p + 411 = -63. Let b(d) = 9*d + 7 - 6*d - 5*d**2 - d**3 + 4*d. Calculate b(p).
1
Let n(p) be the second derivative of p**4/12 - 11*p**3/6 + 10*p**2 - 310*p. Give n(7).
-8
Let z(o) = 8*o - 3. Suppose 0 = 6*f - 56 + 20. Suppose 5*x - 16 = -f. Give z(x).
13
Let n be 4*((-52)/(-16) + -4). Let k(u) = -3*u + 5*u + 2 + 2*u. Determine k(n).
-10
Suppose s - 79 + 75 = 0. Let f(z) = -z**2 + z + 4. Give f(s).
-8
Let x = -12 - -6. Let p = x - -8. Let s(k) = -7 - k**3 + k + p*k**3 + 3 - 5*k**2 + 3. Determine s(5).
4
Let k(w) = w**3 + 9*w**2 - 15*w - 10. Let j(n) = n - 4. Let u be j(-6). Determine k(u).
40
Let m(z) = -10*z + 14. Let k(u) = -u - 4. Let h(w) = 3*k(w) + m(w). Give h(-3).
41
Let f(t) = t**2 + 6*t + 6. Suppose 29 - 22